pose 3 = -s + 3*h, -3*s + 4*h - 8 - 1 = i. Let r(g) = g**3 + 4*g**2 + 2*g + 3. Give r(s).
6
Let x = 7 - 12. Let p(z) = 5*z - 5. Suppose 5*a - a = 20. Let n(h) = -6*h + 6. Let m(l) = a*p(l) + 4*n(l). Give m(x).
-6
Let p(f) be the first derivative of -f**5/20 - 5*f**4/12 + 5*f**3/6 + 7*f**2/2 - f - 5. Let t(j) be the first derivative of p(j). Determine t(-5).
-18
Let z(p) = -7*p**2 + 2*p + 6. Let c(f) = -8*f**2 + 2*f + 7. Let g(l) = -5*c(l) + 6*z(l). Let a be (-1 - 1) + (-5 - (-13 - -4)). What is g(a)?
-3
Let x(w) = 0 + 3*w - 3 - w**2 + 2*w**2. What is x(-4)?
1
Let g(o) be the first derivative of -1/2*o**2 + 4*o + 3. Calculate g(0).
4
Let p(s) be the first derivative of s**3/3 - 2*s**2 - 4*s + 3. Suppose 6 = d + 2*d. Suppose d*h - 5 = h. Give p(h).
1
Let n(j) = 4*j**2 + 3 - j**2 - 2*j**2 - 4 + j. Let l(k) = -2*k**2 - 6*k. Let w(u) = l(u) + 4*n(u). What is w(3)?
8
Let k(f) = -10*f + 1. Suppose 0 = y + 2 - 1. Calculate k(y).
11
Let j(n) be the second derivative of -2*n + 0 - 1/6*n**3 + n**2. Suppose -4*g + 8 = -2*g. Calculate j(g).
-2
Let v(a) = -19*a - 7. Let s(h) = -7*h - 2. Let g(b) = -8*s(b) + 3*v(b). Let d(f) = f**3 - 4*f**2 - 2*f + 4. Let q be d(4). Determine g(q).
-1
Let s(k) = k**3 + 5*k**2 - 6*k - 7. Let y = -10 - -4. Give s(y).
-7
Let o(c) = -c**2 - 6*c - 5. Let m = -5 + 8. Suppose i - m = -7. Let h = -1 + i. Calculate o(h).
0
Let y(m) = 4*m - 16. Let n(t) = t + 4 - 5*t + 3*t. Let c(w) = 9*n(w) + 2*y(w). Give c(0).
4
Let p be 22/(-4) - (-2)/4. Let l(y) = 4*y + 2. Let h(x) = -x. Let m(q) = -3*h(q) - l(q). Give m(p).
3
Let g(t) = 0*t - 1 - 13*t - 21*t**2 + 4*t + 8*t. What is g(-1)?
-21
Let k(x) = -6 - 2*x**2 + 2*x**2 + 7*x - x**2. Let o be ((-21)/6 - -2)*2. Let v = o + 8. Give k(v).
4
Let s be -6 + (3 + 1)/2. Let k(g) = g**2 + 5*g + 3. Let r be k(s). Let a(j) = -10*j + 1. Determine a(r).
11
Let h(v) = 2*v + 5. Let d be h(-3). Let z(b) = 12*b. Determine z(d).
-12
Let t(c) = -4 + 0 + c**3 - 6*c**2 - 3 + 0. Calculate t(6).
-7
Let n(j) = 5*j**2 + j**3 - 6*j**2 + 2 + 9*j**2. Let i be n(-8). Let u(o) = -i*o + o + 0*o - 1 + 2*o**2. What is u(-1)?
2
Suppose 24 = 3*s + 15. Let f(r) = -r**3 + 3*r**2 - 3. Calculate f(s).
-3
Let u = 11 + -15. Let c(w) = -3*w**3 - 5*w**2 + 7*w + 1. Let f(l) = 4*l**3 + 6*l**2 - 8*l - 2. Let s(x) = -3*c(x) - 2*f(x). Determine s(u).
5
Let h = 6 + -1. Suppose 3*u = h*a + 5*u + 13, -15 = 3*a + 3*u. Let b(z) = 4*z**2 + z. Give b(a).
3
Suppose -7 + 3 = n. Let c(u) be the first derivative of -1/3*u**3 - 2*u**2 - 3*u + 1. What is c(n)?
-3
Let x(t) be the first derivative of 1/3*t**3 + t**2 + 3 + t. Calculate x(-3).
4
Let m(u) = 2 + u**2 - 3*u + 0 - 4 - 4*u. What is m(7)?
-2
Suppose -3*l - 38 = -5*n, 2*n - l - 17 = -2. Let f(y) = y**3 - 7*y**2 - y + 2. Give f(n).
-5
Suppose -5*r + a + 9 = -29, -38 = -4*r - 3*a. Let h be (-10)/(r/(-20)*-5). Let t(x) = -x**3 - 6*x**2 - 5*x - 3. What is t(h)?
-3
Let v(i) = -i**2 - 4*i + 7. Let a be 1/(-1) - (-32)/(-8). Let n be v(a). Let q(s) = -2*s**3 + 2*s**2 + s - 1. Calculate q(n).
-7
Suppose 29 = -2*g - g - 4*r, -3*r + 87 = -5*g. Let c = g - -34. Let n(i) = -i + 20 + 0*i - c. Give n(-4).
5
Let x(s) = -s + 2. Let i(m) = 2*m - 3. Let l(j) = 6*i(j) + 11*x(j). Let c = 6 - 6. Determine l(c).
4
Let x(h) = 4*h**2 - 7*h + 4. Let p(u) = 7*u**2 - 13*u + 8. Let l(r) = -3*p(r) + 5*x(r). Give l(3).
-1
Let v = -6 - -6. Suppose v = -h + 2*h + 1. Let j(s) be the third derivative of -7*s**6/120 + s**5/30 + s**4/12 + s**3/6 - 2*s**2. What is j(h)?
8
Let c be 1/4 - 45/4. Let g be 2/(-9) - c/9. Let v(p) be the third derivative of -p**5/10 + p**3/6 + 2*p**2. What is v(g)?
-5
Let p(g) = 5*g + 5*g**2 + g**2 + 5 + 3*g**3 - 4*g**3. What is p(7)?
-9
Let a(m) = -2*m**2 - m + 1. Suppose 3*y - 5 = -2. Calculate a(y).
-2
Let s(p) be the second derivative of 5/6*p**3 + 0 - p + p**2 + 1/12*p**4. Let x be (20/(-12))/((-2)/(-6)). Calculate s(x).
2
Let a = -6 - -3. Let z(d) = d + 2. Let j(p) = p + 1. Let g(t) = a*j(t) + 2*z(t). Calculate g(-5).
6
Let v(z) = 4 - 4 + 5*z + 1 + z**2 + 2. Calculate v(-6).
9
Suppose 3 = j + 2*f + f, -j = -f - 3. Suppose j*m + 3 = -4*z - 2, 0 = -z - 2*m - 5. Let v be 8/(-1 - 1) - z. Let h(t) = -t**3 - 6*t**2 - 3*t + 5. What is h(v)?
-5
Let x(n) = n - 12. Let j be (-1)/2 - 105/(-6). Suppose j = 4*b - 3. Determine x(b).
-7
Let z(a) = a + 3. Suppose 30 = 4*r + 6. Suppose -r = -0*d - 3*d. Let i be -2 - 1/d*2. Determine z(i).
0
Let x(u) = u**2 - 2*u - 4. Let y be -2*(-1)/6*9. What is x(y)?
-1
Let t(x) = -5*x - 10. Let l(y) = -3*y - 7. Let b be (-4)/((28/8)/(-7)). Let i(f) = b*l(f) - 5*t(f). What is i(5)?
-1
Let j(q) be the second derivative of q**3/6 + q**2/2 + 5*q. Give j(-9).
-8
Let t(h) = 4*h**3 + h**2 - 2*h + 1. Suppose -5 = -2*d + b - 0, b = -3*d. Suppose 4*j - 3 = d. Give t(j).
4
Suppose 4 = -2*t - 6. Let x(l) = -l**2 + 158*l - 323*l + 7 + 162*l. Determine x(t).
-3
Let k(g) = -8*g**2 - g - 1. Let p be 14/(-18) + 24/(-108). Determine k(p).
-8
Let j = 7 - 4. Let l(q) = 4*q - j*q + 7 - 1 - 1. Calculate l(-3).
2
Let c(x) be the second derivative of x**4/6 + x**3/3 + x**2/2 - 9*x. Determine c(-3).
13
Let c(g) = 6 - 1 - 3*g - 3 + g**2. Calculate c(2).
0
Let b(o) = -2 + 6*o - 9*o + 4*o. What is b(6)?
4
Suppose 3*n + 15 = -15. Let w be ((-1)/(-2))/(-1)*n. Let a(g) be the first derivative of -g**4/4 + 5*g**3/3 + g**2/2 + 2*g + 3. Calculate a(w).
7
Let n(v) = -3*v**3 - 4*v**2 - 3 + 2*v**3 + 8. Calculate n(-4).
5
Let o(c) = c**2 - 9*c - 3. Let h(m) = -2*m**2 + 10*m + 3. Let z(g) = 2*h(g) + 3*o(g). What is z(-8)?
-11
Let i(n) = n - 5. Suppose 4*l + 0 = 8. Suppose -4*x = -l*x. Let v be x/(-2*(-1)/1). Determine i(v).
-5
Let k(z) = 7*z**3 + 4*z**2 - 4*z. Let y(w) = -12*w**3 - 8*w**2 + 7*w. Let i(c) = 5*k(c) + 3*y(c). Give i(-4).
-4
Suppose t + 4*t = -15. Let i(p) = -p**2 - p + 1. Give i(t).
-5
Let z(h) = -h**2 + h + 2. Let n be z(-2). Let d(r) = r**2 + 5*r + 4. Let s be d(n). Let g = 2 - s. Let o(u) = u**2 - 3*u + 3. Calculate o(g).
1
Let b(d) be the third derivative of -d**5/60 - d**4/6 - d**3/3 + 3*d**2. Let z(u) = u**2 + 5*u + 3. Let c be z(-3). Determine b(c).
1
Let t(c) = -2*c**3 - 4*c**2 + 2*c + 2. Let z = -13 - -23. Let d = z - 13. Determine t(d).
14
Let v(j) = -j**3 + 7*j**2 - 8*j + 9. Let b be v(6). Let s = 0 + b. Let t(m) = -2*m**2 - 4*m - 2. What is t(s)?
-8
Let g(p) = p**2 + 14*p - 32. Let z be g(-16). Let b(y) = -y - 5. Give b(z).
-5
Let h(d) = -3*d**2 + 3*d. Let q be h(2). Let r(f) = f**2 + 8*f + 5. Determine r(q).
-7
Let k(l) be the third derivative of 0*l - 1/6*l**4 + 2*l**2 + 0 + 2/3*l**3. Calculate k(3).
-8
Let n(s) = 3*s - 2. Let f be (-5 + 4)*9*1. Let w = f - -7. What is n(w)?
-8
Let j(h) = 3*h - 7. Let s = -34 + 7. Let r be (-4)/(-18) - 156/s. Let k be ((-9)/r)/3*-10. Calculate j(k).
8
Let j(c) = 92*c**2 - 2*c - 2 - 91*c**2 + 4*c. What is j(-3)?
1
Let t(f) = f**3 - f**2 - f + 16. Let j = -110 - -110. Calculate t(j).
16
Let l(v) = -v - 6. Let c(j) = -3*j - 13. Let x(h) = 2*c(h) - 5*l(h). Determine x(4).
0
Let h(l) be the third derivative of 1/6*l**3 + 0*l + 0 + 5/24*l**4 + 4*l**2 + 1/60*l**5. Give h(-6).
7
Let g be -3 + (3 - -2) - -3. Let k(u) = -g*u + 5*u + 12 + u. Determine k(-5).
7
Suppose 2*p + 1 + 12 = -k, -4*k = -12. Let m = -3 - p. Let b(t) be the first derivative of t**2 - 7*t + 7. Calculate b(m).
3
Let z(p) = -4*p**2 - 4*p**2 + 7*p - 6*p**2 + 1 + 12*p**2. Give z(5).
-14
Let c = -6 + 5. Let n(d) = 7*d**3 - 2*d**2 - 9*d - 5. Let k(i) = -i**3 + i + 1. Let u(s) = c*n(s) - 6*k(s). Calculate u(2).
5
Let s(t) be the first derivative of 5/6*t**3 + 2 - 1/12*t**4 - 3*t**2 + t. Let x(q) be the first derivative of s(q). Determine x(4).
-2
Suppose 7*p + 5*y = 3*p - 21, -1 = y. Let l(i) = i**2 + 7*i + 5. What is l(p)?
-7
Let y(u) be the second derivative of -2*u + 0 + 1/6*u**4 + 2/3*u**3 - 1/2*u**2. What is y(-3)?
5
Suppose -2 + 8 = 3*j. Suppose 2 - 11 = -4*w - 3*f, -j*w + 2 = 4*f. Let b(c) = c**2 - 2*c + 3. Determine b(w).
6
Let i(k) = k**2 + k + 5. Suppose 4 = 2*s - 2. Let a be 4/(12/21) - s. Let u = -4 + a. What is i(u)?
5
Let a(z) = 3 + 0 + z**2 - 2*z**2. Let y(b) = -b**3 - 3*b**2 - b + 1. Let l be y(-2). Let n be 1*0/(l + -1). Calculate a(n).
3
Let g(x) be the third derivative of -x**4/24 + 13*x**2. Give g(3).
-3
Let a(n) = -2*n**3 + 3*n - 3. Let y(d) = 3*d - 28. Let q be y(10). What is a(